{"id":318,"date":"2023-07-12T16:39:26","date_gmt":"2023-07-12T20:39:26","guid":{"rendered":"https:\/\/art-et-imagnaire.com\/?page_id=318"},"modified":"2023-11-17T17:26:07","modified_gmt":"2023-11-17T21:26:07","slug":"presentacion","status":"publish","type":"page","link":"https:\/\/art-et-imagnaire.com\/index.php\/es\/presentacion\/","title":{"rendered":"Presentaci\u00f3n"},"content":{"rendered":"\t\t<div data-elementor-type=\"wp-page\" data-elementor-id=\"318\" class=\"elementor elementor-318\">\n\t\t\t\t<div class=\"elementor-element elementor-element-03c2274 e-flex e-con-boxed e-con e-parent\" data-id=\"03c2274\" data-element_type=\"container\" data-e-type=\"container\">\n\t\t\t\t\t<div class=\"e-con-inner\">\n\t\t\t\t<div class=\"elementor-element elementor-element-fba7b01 elementor-widget elementor-widget-shortcode\" data-id=\"fba7b01\" data-element_type=\"widget\" data-e-type=\"widget\" data-widget_type=\"shortcode.default\">\n\t\t\t\t<div class=\"elementor-widget-container\">\n\t\t\t\t\t\t\t<div class=\"elementor-shortcode\">\t\t<div data-elementor-type=\"wp-post\" data-elementor-id=\"348\" class=\"elementor elementor-348\">\n\t\t\t\t<div class=\"elementor-element elementor-element-b8272d5 e-flex e-con-boxed e-con e-parent\" data-id=\"b8272d5\" data-element_type=\"container\" data-e-type=\"container\">\n\t\t\t\t\t<div class=\"e-con-inner\">\n\t\t<div class=\"elementor-element elementor-element-fd94f49 e-flex e-con-boxed e-con e-child\" data-id=\"fd94f49\" data-element_type=\"container\" data-e-type=\"container\">\n\t\t\t\t\t<div class=\"e-con-inner\">\n\t\t<div class=\"elementor-element elementor-element-c311918 e-con-full e-flex e-con e-child\" data-id=\"c311918\" data-element_type=\"container\" data-e-type=\"container\">\n\t\t\t\t<div class=\"elementor-element elementor-element-d493e1f elementor-view-framed elementor-shape-circle elementor-widget elementor-widget-icon\" data-id=\"d493e1f\" data-element_type=\"widget\" data-e-type=\"widget\" data-widget_type=\"icon.default\">\n\t\t\t\t<div class=\"elementor-widget-container\">\n\t\t\t\t\t\t\t<div class=\"elementor-icon-wrapper\">\n\t\t\t<a class=\"elementor-icon\" href=\"https:\/\/art-et-imagnaire.com\/index.php\/es\/elementor-182\/\">\n\t\t\t<i aria-hidden=\"true\" class=\"fas fa-store-alt\"><\/i>\t\t\t<\/a>\n\t\t<\/div>\n\t\t\t\t\t\t<\/div>\n\t\t\t\t<\/div>\n\t\t\t\t<\/div>\n\t\t<div class=\"elementor-element elementor-element-526557e e-flex e-con-boxed e-con e-child\" data-id=\"526557e\" data-element_type=\"container\" data-e-type=\"container\">\n\t\t\t\t\t<div class=\"e-con-inner\">\n\t\t\t\t<div class=\"elementor-element elementor-element-7d51128 elementor-widget elementor-widget-text-editor\" data-id=\"7d51128\" data-element_type=\"widget\" data-e-type=\"widget\" data-widget_type=\"text-editor.default\">\n\t\t\t\t<div class=\"elementor-widget-container\">\n\t\t\t\t\t\t\t\t\t<p>Un espacio de expresi\u00f3n para todos los artistas<\/p>\t\t\t\t\t\t\t\t<\/div>\n\t\t\t\t<\/div>\n\t\t\t\t\t<\/div>\n\t\t\t\t<\/div>\n\t\t<div class=\"elementor-element elementor-element-23451c3 e-con-full e-flex e-con e-child\" data-id=\"23451c3\" data-element_type=\"container\" data-e-type=\"container\">\n\t\t\t\t<div class=\"elementor-element elementor-element-684535e elementor-widget elementor-widget-wp-widget-polylang\" data-id=\"684535e\" data-element_type=\"widget\" data-e-type=\"widget\" data-widget_type=\"wp-widget-polylang.default\">\n\t\t\t\t<div class=\"elementor-widget-container\">\n\t\t\t\t\t<ul>\n\t<li class=\"lang-item lang-item-7 lang-item-es lang-item-first\"><a  lang=\"es-ES\" hreflang=\"es-ES\" href=\"https:\/\/art-et-imagnaire.com\/index.php\/es\/elementor-182\/\"><img decoding=\"async\" src=\"data:image\/png;base64,iVBORw0KGgoAAAANSUhEUgAAABAAAAALCAMAAABBPP0LAAAAflBMVEX\/AAD9AAD3AADxAADrAAD\/eXn9bGz8YWH8WVn6UVH5SEj5Pz\/3NDT0Kir9\/QD+\/nL+\/lT18lDt4Uf6+j\/39zD39yf19R3n5wDxflXsZ1Pt4Y3x8zr0wbLs1NXz8xPj4wD37t3jmkvsUU\/Bz6nrykm3vJ72IiL0FBTyDAvhAABEt4UZAAAAX0lEQVR4AQXBQUrFQBBAwXqTDkYE94Jb73+qfwVRcYxVQRBRToiUfoaVpGTrtdS9SO0Z9FR9lVy\/g5c99+dKl30N5uxPuviexXEc9\/msC7TOkd4kHu\/Dlh4itCJ8AP4B0w4Qwmm7CFQAAAAASUVORK5CYII=\" alt=\"Espa\u00f1ol\" width=\"16\" height=\"11\" style=\"width: 16px; height: 11px;\" \/><\/a><\/li>\n\t<li class=\"lang-item lang-item-12 lang-item-fr current-lang\"><a  lang=\"fr-FR\" hreflang=\"fr-FR\" href=\"https:\/\/art-et-imagnaire.com\/\"><img decoding=\"async\" src=\"data:image\/png;base64,iVBORw0KGgoAAAANSUhEUgAAABAAAAALCAMAAABBPP0LAAAAbFBMVEVzldTg4ODS0tLxDwDtAwDjAADD0uz39\/fy8vL3k4nzgna4yOixwuXu7u7s6+zn5+fyd2rvcGPtZljYAABrjNCpvOHrWkxegsqfs93NAADpUUFRd8THAABBa7wnVbERRKa8vLyxsLCoqKigoKClCvcsAAAAXklEQVR4AS3JxUEAQQAEwZo13Mk\/R9w5\/7UERJCIGIgj5qfRJZEpPyNfCgJTjMR1eRRnJiExFJz5Mf1PokWr\/UztIjRGQ3V486u0HO55m634U6dMcf0RNPfkVCTvKjO16xHA8miowAAAAABJRU5ErkJggg==\" alt=\"Fran\u00e7ais\" width=\"16\" height=\"11\" style=\"width: 16px; height: 11px;\" \/><\/a><\/li>\n\t<li class=\"lang-item lang-item-28 lang-item-en\"><a  lang=\"en-GB\" hreflang=\"en-GB\" href=\"https:\/\/art-et-imagnaire.com\/index.php\/en\/home\/\"><img decoding=\"async\" src=\"data:image\/png;base64,iVBORw0KGgoAAAANSUhEUgAAABAAAAALCAMAAABBPP0LAAAAt1BMVEWSmb66z+18msdig8La3u+tYX9IaLc7W7BagbmcUW+kqMr\/q6n+\/\/+hsNv\/lIr\/jIGMnNLJyOP9\/fyQttT\/wb3\/\/\/\/\/aWn+YWF5kNT0oqz0i4ueqtIZNJjhvt\/8gn\/\/WVr\/6+rN1+o9RKZwgcMPJpX\/VFT9UEn+RUX8Ozv2Ly+FGzdYZrfU1e\/8LS\/lQkG\/mbVUX60AE231hHtcdMb0mp3qYFTFwNu3w9prcqSURGNDaaIUMX5FNW5wYt7AAAAAjklEQVR4AR3HNUJEMQCGwf+L8RR36ajR+1+CEuvRdd8kK9MNAiRQNgJmVDAt1yM6kSzYVJUsPNssAk5N7ZFKjVNFAY4co6TAOI+kyQm+LFUEBEKKzuWUNB7rSH\/rSnvOulOGk+QlXTBqMIrfYX4tSe2nP3iRa\/KNK7uTmWJ5a9+erZ3d+18od4ytiZdvZyuKWy8o3UpTVAAAAABJRU5ErkJggg==\" alt=\"English\" width=\"16\" height=\"11\" style=\"width: 16px; height: 11px;\" \/><\/a><\/li>\n<\/ul>\n\t\t\t\t<\/div>\n\t\t\t\t<\/div>\n\t\t\t\t<\/div>\n\t\t\t\t\t<\/div>\n\t\t\t\t<\/div>\n\t\t\t\t<div class=\"elementor-element elementor-element-a4f569a elementor-widget elementor-widget-image\" data-id=\"a4f569a\" data-element_type=\"widget\" data-e-type=\"widget\" data-widget_type=\"image.default\">\n\t\t\t\t<div class=\"elementor-widget-container\">\n\t\t\t\t\t\t\t\t\t\t\t\t\t\t\t<img loading=\"lazy\" decoding=\"async\" width=\"1024\" height=\"102\" src=\"https:\/\/art-et-imagnaire.com\/wp-content\/uploads\/2023\/06\/Titre-Art-et-Imaginaire-7-1024x102.png\" class=\"attachment-large size-large wp-image-93\" alt=\"\" srcset=\"https:\/\/art-et-imagnaire.com\/wp-content\/uploads\/2023\/06\/Titre-Art-et-Imaginaire-7-1024x102.png 1024w, https:\/\/art-et-imagnaire.com\/wp-content\/uploads\/2023\/06\/Titre-Art-et-Imaginaire-7-300x30.png 300w, https:\/\/art-et-imagnaire.com\/wp-content\/uploads\/2023\/06\/Titre-Art-et-Imaginaire-7-768x77.png 768w, https:\/\/art-et-imagnaire.com\/wp-content\/uploads\/2023\/06\/Titre-Art-et-Imaginaire-7-1536x153.png 1536w, https:\/\/art-et-imagnaire.com\/wp-content\/uploads\/2023\/06\/Titre-Art-et-Imaginaire-7-2048x204.png 2048w\" sizes=\"(max-width: 1024px) 100vw, 1024px\" \/>\t\t\t\t\t\t\t\t\t\t\t\t\t\t\t<\/div>\n\t\t\t\t<\/div>\n\t\t\t\t\t<\/div>\n\t\t\t\t<\/div>\n\t\t<div class=\"elementor-element elementor-element-bb24847 e-flex e-con-boxed e-con e-parent\" data-id=\"bb24847\" data-element_type=\"container\" data-e-type=\"container\">\n\t\t\t\t\t<div class=\"e-con-inner\">\n\t\t\t\t<div class=\"elementor-element elementor-element-69a3337 hfe-nav-menu__align-left hfe-submenu-icon-arrow hfe-submenu-animation-none hfe-link-redirect-child hfe-nav-menu__breakpoint-tablet elementor-widget elementor-widget-navigation-menu\" data-id=\"69a3337\" data-element_type=\"widget\" data-e-type=\"widget\" data-settings=\"{&quot;padding_horizontal_menu_item&quot;:{&quot;unit&quot;:&quot;px&quot;,&quot;size&quot;:15,&quot;sizes&quot;:[]},&quot;padding_horizontal_menu_item_tablet&quot;:{&quot;unit&quot;:&quot;px&quot;,&quot;size&quot;:&quot;&quot;,&quot;sizes&quot;:[]},&quot;padding_horizontal_menu_item_mobile&quot;:{&quot;unit&quot;:&quot;px&quot;,&quot;size&quot;:&quot;&quot;,&quot;sizes&quot;:[]},&quot;padding_vertical_menu_item&quot;:{&quot;unit&quot;:&quot;px&quot;,&quot;size&quot;:15,&quot;sizes&quot;:[]},&quot;padding_vertical_menu_item_tablet&quot;:{&quot;unit&quot;:&quot;px&quot;,&quot;size&quot;:&quot;&quot;,&quot;sizes&quot;:[]},&quot;padding_vertical_menu_item_mobile&quot;:{&quot;unit&quot;:&quot;px&quot;,&quot;size&quot;:&quot;&quot;,&quot;sizes&quot;:[]},&quot;menu_space_between&quot;:{&quot;unit&quot;:&quot;px&quot;,&quot;size&quot;:&quot;&quot;,&quot;sizes&quot;:[]},&quot;menu_space_between_tablet&quot;:{&quot;unit&quot;:&quot;px&quot;,&quot;size&quot;:&quot;&quot;,&quot;sizes&quot;:[]},&quot;menu_space_between_mobile&quot;:{&quot;unit&quot;:&quot;px&quot;,&quot;size&quot;:&quot;&quot;,&quot;sizes&quot;:[]},&quot;menu_row_space&quot;:{&quot;unit&quot;:&quot;px&quot;,&quot;size&quot;:&quot;&quot;,&quot;sizes&quot;:[]},&quot;menu_row_space_tablet&quot;:{&quot;unit&quot;:&quot;px&quot;,&quot;size&quot;:&quot;&quot;,&quot;sizes&quot;:[]},&quot;menu_row_space_mobile&quot;:{&quot;unit&quot;:&quot;px&quot;,&quot;size&quot;:&quot;&quot;,&quot;sizes&quot;:[]},&quot;dropdown_border_radius&quot;:{&quot;unit&quot;:&quot;px&quot;,&quot;top&quot;:&quot;&quot;,&quot;right&quot;:&quot;&quot;,&quot;bottom&quot;:&quot;&quot;,&quot;left&quot;:&quot;&quot;,&quot;isLinked&quot;:true},&quot;dropdown_border_radius_tablet&quot;:{&quot;unit&quot;:&quot;px&quot;,&quot;top&quot;:&quot;&quot;,&quot;right&quot;:&quot;&quot;,&quot;bottom&quot;:&quot;&quot;,&quot;left&quot;:&quot;&quot;,&quot;isLinked&quot;:true},&quot;dropdown_border_radius_mobile&quot;:{&quot;unit&quot;:&quot;px&quot;,&quot;top&quot;:&quot;&quot;,&quot;right&quot;:&quot;&quot;,&quot;bottom&quot;:&quot;&quot;,&quot;left&quot;:&quot;&quot;,&quot;isLinked&quot;:true},&quot;width_dropdown_item&quot;:{&quot;unit&quot;:&quot;px&quot;,&quot;size&quot;:&quot;220&quot;,&quot;sizes&quot;:[]},&quot;width_dropdown_item_tablet&quot;:{&quot;unit&quot;:&quot;px&quot;,&quot;size&quot;:&quot;&quot;,&quot;sizes&quot;:[]},&quot;width_dropdown_item_mobile&quot;:{&quot;unit&quot;:&quot;px&quot;,&quot;size&quot;:&quot;&quot;,&quot;sizes&quot;:[]},&quot;padding_horizontal_dropdown_item&quot;:{&quot;unit&quot;:&quot;px&quot;,&quot;size&quot;:&quot;&quot;,&quot;sizes&quot;:[]},&quot;padding_horizontal_dropdown_item_tablet&quot;:{&quot;unit&quot;:&quot;px&quot;,&quot;size&quot;:&quot;&quot;,&quot;sizes&quot;:[]},&quot;padding_horizontal_dropdown_item_mobile&quot;:{&quot;unit&quot;:&quot;px&quot;,&quot;size&quot;:&quot;&quot;,&quot;sizes&quot;:[]},&quot;padding_vertical_dropdown_item&quot;:{&quot;unit&quot;:&quot;px&quot;,&quot;size&quot;:15,&quot;sizes&quot;:[]},&quot;padding_vertical_dropdown_item_tablet&quot;:{&quot;unit&quot;:&quot;px&quot;,&quot;size&quot;:&quot;&quot;,&quot;sizes&quot;:[]},&quot;padding_vertical_dropdown_item_mobile&quot;:{&quot;unit&quot;:&quot;px&quot;,&quot;size&quot;:&quot;&quot;,&quot;sizes&quot;:[]},&quot;distance_from_menu&quot;:{&quot;unit&quot;:&quot;px&quot;,&quot;size&quot;:&quot;&quot;,&quot;sizes&quot;:[]},&quot;distance_from_menu_tablet&quot;:{&quot;unit&quot;:&quot;px&quot;,&quot;size&quot;:&quot;&quot;,&quot;sizes&quot;:[]},&quot;distance_from_menu_mobile&quot;:{&quot;unit&quot;:&quot;px&quot;,&quot;size&quot;:&quot;&quot;,&quot;sizes&quot;:[]},&quot;toggle_size&quot;:{&quot;unit&quot;:&quot;px&quot;,&quot;size&quot;:&quot;&quot;,&quot;sizes&quot;:[]},&quot;toggle_size_tablet&quot;:{&quot;unit&quot;:&quot;px&quot;,&quot;size&quot;:&quot;&quot;,&quot;sizes&quot;:[]},&quot;toggle_size_mobile&quot;:{&quot;unit&quot;:&quot;px&quot;,&quot;size&quot;:&quot;&quot;,&quot;sizes&quot;:[]},&quot;toggle_border_width&quot;:{&quot;unit&quot;:&quot;px&quot;,&quot;size&quot;:&quot;&quot;,&quot;sizes&quot;:[]},&quot;toggle_border_width_tablet&quot;:{&quot;unit&quot;:&quot;px&quot;,&quot;size&quot;:&quot;&quot;,&quot;sizes&quot;:[]},&quot;toggle_border_width_mobile&quot;:{&quot;unit&quot;:&quot;px&quot;,&quot;size&quot;:&quot;&quot;,&quot;sizes&quot;:[]},&quot;toggle_border_radius&quot;:{&quot;unit&quot;:&quot;px&quot;,&quot;size&quot;:&quot;&quot;,&quot;sizes&quot;:[]},&quot;toggle_border_radius_tablet&quot;:{&quot;unit&quot;:&quot;px&quot;,&quot;size&quot;:&quot;&quot;,&quot;sizes&quot;:[]},&quot;toggle_border_radius_mobile&quot;:{&quot;unit&quot;:&quot;px&quot;,&quot;size&quot;:&quot;&quot;,&quot;sizes&quot;:[]}}\" data-widget_type=\"navigation-menu.default\">\n\t\t\t\t<div class=\"elementor-widget-container\">\n\t\t\t\t\t\t\t\t<div class=\"hfe-nav-menu hfe-layout-horizontal hfe-nav-menu-layout horizontal hfe-pointer__none\" data-layout=\"horizontal\">\n\t\t\t\t<div role=\"button\" class=\"hfe-nav-menu__toggle elementor-clickable\" tabindex=\"0\" aria-label=\"Menu Toggle\">\n\t\t\t\t\t<span class=\"screen-reader-text\">Menu<\/span>\n\t\t\t\t\t<div class=\"hfe-nav-menu-icon\">\n\t\t\t\t\t\t<i aria-hidden=\"true\"  class=\"fas fa-align-justify\"><\/i>\t\t\t\t\t<\/div>\n\t\t\t\t<\/div>\n\t\t\t\t<nav class=\"hfe-nav-menu__layout-horizontal hfe-nav-menu__submenu-arrow\" data-toggle-icon=\"&lt;i aria-hidden=&quot;true&quot; tabindex=&quot;0&quot; class=&quot;fas fa-align-justify&quot;&gt;&lt;\/i&gt;\" data-close-icon=\"&lt;i aria-hidden=&quot;true&quot; tabindex=&quot;0&quot; class=&quot;far fa-window-close&quot;&gt;&lt;\/i&gt;\" data-full-width=\"yes\">\n\t\t\t\t\t<ul id=\"menu-1-69a3337\" class=\"hfe-nav-menu\"><li id=\"menu-item-345\" class=\"menu-item menu-item-type-post_type menu-item-object-page parent hfe-creative-menu\"><a href=\"https:\/\/art-et-imagnaire.com\/index.php\/es\/noticias\/\" class = \"hfe-menu-item\">Noticias<\/a><\/li>\n<li id=\"menu-item-344\" class=\"menu-item menu-item-type-post_type menu-item-object-page parent hfe-creative-menu\"><a href=\"https:\/\/art-et-imagnaire.com\/index.php\/es\/artes-plasticas\/\" class = \"hfe-menu-item\">artes pl\u00e1sticas<\/a><\/li>\n<li id=\"menu-item-343\" class=\"menu-item menu-item-type-post_type menu-item-object-page parent hfe-creative-menu\"><a href=\"https:\/\/art-et-imagnaire.com\/index.php\/es\/artes-escenicas\/\" class = \"hfe-menu-item\">Artes esc\u00e9nicas<\/a><\/li>\n<li id=\"menu-item-342\" class=\"menu-item menu-item-type-post_type menu-item-object-page parent hfe-creative-menu\"><a href=\"https:\/\/art-et-imagnaire.com\/index.php\/es\/literatura\/\" class = \"hfe-menu-item\">literatura<\/a><\/li>\n<li id=\"menu-item-341\" class=\"menu-item menu-item-type-post_type menu-item-object-page parent hfe-creative-menu\"><a href=\"https:\/\/art-et-imagnaire.com\/index.php\/es\/contactos\/\" class = \"hfe-menu-item\">Contactos<\/a><\/li>\n<\/ul> \n\t\t\t\t<\/nav>\n\t\t\t<\/div>\n\t\t\t\t\t\t\t<\/div>\n\t\t\t\t<\/div>\n\t\t\t\t\t<\/div>\n\t\t\t\t<\/div>\n\t\t\t\t<\/div>\n\t\t<\/div>\n\t\t\t\t\t\t<\/div>\n\t\t\t\t<\/div>\n\t\t\t\t\t<\/div>\n\t\t\t\t<\/div>\n\t\t<div class=\"elementor-element elementor-element-018ec69 e-flex e-con-boxed e-con e-parent\" data-id=\"018ec69\" data-element_type=\"container\" data-e-type=\"container\">\n\t\t\t\t\t<div class=\"e-con-inner\">\n\t\t\t\t<div class=\"elementor-element elementor-element-e50a303 elementor-widget elementor-widget-text-editor\" data-id=\"e50a303\" data-element_type=\"widget\" data-e-type=\"widget\" data-widget_type=\"text-editor.default\">\n\t\t\t\t<div class=\"elementor-widget-container\">\n\t\t\t\t\t\t\t\t\t<p>Son muchos aquellos que no han podido expresar su talento individual en un espacio apropiado, especialmente en un lugar propicio para promover la expresi\u00f3n art\u00edstica en sus diversas formas.<\/p><p>Los susurros m\u00e1s tempranos o las escrituras ya bien afirmadas que a veces se nos permite descubrir en j\u00f3venes o menos j\u00f3venes a menudo son recibidos con admiraci\u00f3n fugaz porque ninguna estructura de difusi\u00f3n quiere correr el riesgo de una programaci\u00f3n caprichosa.<\/p><p>Ante esta constataci\u00f3n, un grupo de hombres y mujeres han decidido reaccionar proponiendo un espacio de expresi\u00f3n para todos los artistas. Se trata de dar cabida a j\u00f3venes talentos, a aficionados de todas las edades y especialmente a artistas profesionales.<\/p><p>La asociaci\u00f3n &#8220;Arte e Imaginaci\u00f3n&#8221; naci\u00f3 de este deseo de llenar un vac\u00edo creciente en el panorama art\u00edstico de Martinica, porque muchos artistas se encuentran aislados y sin otro medio que la ingeniosidad para intentar vivir su arte.<\/p><p>&#8220;Arte e Imaginaci\u00f3n&#8221; se propone ofrecer esta playa al oc\u00e9ano de imaginarios florecientes que burbujean aqu\u00ed y all\u00e1, en diversos lugares. Tambi\u00e9n tiene como objetivo enlazar el marco jur\u00eddico y administrativo al que est\u00e1n sometidos los artistas con la realidad cotidiana y singular de estos.<\/p><p>Se compromete a desarrollar asociaciones con estructuras asociativas o servicios administrativos para contribuir a informar mejor a los artistas sobre sus derechos respectivos. Pretende tomar iniciativas para fomentar la producci\u00f3n y\/o difusi\u00f3n de obras de artistas y as\u00ed romper el aislamiento de una mayor\u00eda silenciosa a menudo marginada.<\/p>\t\t\t\t\t\t\t\t<\/div>\n\t\t\t\t<\/div>\n\t\t\t\t\t<\/div>\n\t\t\t\t<\/div>\n\t\t<div class=\"elementor-element elementor-element-fbae38d e-flex e-con-boxed e-con e-parent\" data-id=\"fbae38d\" data-element_type=\"container\" data-e-type=\"container\">\n\t\t\t\t\t<div class=\"e-con-inner\">\n\t\t\t\t<div class=\"elementor-element elementor-element-6cb6882 elementor-widget elementor-widget-text-editor\" data-id=\"6cb6882\" data-element_type=\"widget\" data-e-type=\"widget\" data-widget_type=\"text-editor.default\">\n\t\t\t\t<div class=\"elementor-widget-container\">\n\t\t\t\t\t\t\t\t\t<p>Las expectativas de los artistas var\u00edan seg\u00fan su disciplina, nivel de carrera y objetivos personales. Sin embargo, existen algunas expectativas comunes que muchos artistas tienen cuando siguen su pasi\u00f3n o profesi\u00f3n. Aqu\u00ed tienes algunas de estas expectativas :<\/p>\t\t\t\t\t\t\t\t<\/div>\n\t\t\t\t<\/div>\n\t\t\t\t\t<\/div>\n\t\t\t\t<\/div>\n\t\t<div class=\"elementor-element elementor-element-502794d e-flex e-con-boxed e-con e-parent\" data-id=\"502794d\" data-element_type=\"container\" data-e-type=\"container\">\n\t\t\t\t\t<div class=\"e-con-inner\">\n\t\t\t\t<div class=\"elementor-element elementor-element-a605f34 elementor-widget elementor-widget-text-editor\" data-id=\"a605f34\" data-element_type=\"widget\" data-e-type=\"widget\" data-widget_type=\"text-editor.default\">\n\t\t\t\t<div class=\"elementor-widget-container\">\n\t\t\t\t\t\t\t\t\t<ul><li>Reconocimiento y visibilidad : Muchos artistas esperan que su trabajo sea reconocido y apreciado por un p\u00fablico m\u00e1s amplio. A menudo desean ver sus obras expuestas, publicadas, representadas o difundidas. La visibilidad suele estar relacionada con la satisfacci\u00f3n de compartir su creatividad con un p\u00fablico amplio.<\/li><li>\u00c9xito financiero : Los artistas a menudo esperan ser remunerados por su trabajo. Quieren poder ganarse la vida a trav\u00e9s de su arte, ya sea mediante la venta de sus obras, actuaciones, contratos publicitarios u otros medios relacionados con su talento.<\/li><li>Autonom\u00eda art\u00edstica : Muchos artistas desean tener control creativo sobre su trabajo. Quieren poder expresarse libremente y seguir su propia visi\u00f3n art\u00edstica con m\u00ednima interferencia externa.<\/li><li>Colaboraci\u00f3n : Los artistas pueden buscar oportunidades para colaborar con otros artistas, m\u00fasicos, escritores, actores, etc. La colaboraci\u00f3n puede estimular la creatividad y ofrecer nuevas perspectivas.<\/li><li>Aprendizaje continuo : Los artistas a menudo esperan seguir desarrollando sus habilidades y evolucionando en su campo. Buscan una mejora constante y la exploraci\u00f3n de nuevas t\u00e9cnicas e ideas.<\/li><li>Impacto emocional y social : Muchos artistas esperan conmover las emociones y mentes de su p\u00fablico. Quieren crear obras que provoquen reacciones emocionales y hagan reflexionar. Adem\u00e1s, pueden aspirar al compromiso social o pol\u00edtico a trav\u00e9s de su arte.<\/li><li>Redes y oportunidades : Los artistas a menudo esperan ampliar su red profesional para acceder a nuevas oportunidades. Las conexiones con otros profesionales de la industria pueden abrir puertas a exposiciones, colaboraciones, becas, etc.<\/li><li>Satisfacci\u00f3n personal : En \u00faltima instancia, muchos artistas siguen su pasi\u00f3n por el simple placer de crear. La satisfacci\u00f3n personal de expresarse a trav\u00e9s del arte y dar vida a ideas es una expectativa importante para muchos artistas.<\/li><li>Impacto cultural: Algunos artistas tienen ambiciones m\u00e1s amplias y aspiran a tener un impacto significativo en la cultura o la sociedad. Quieren que su trabajo contribuya a cambiar perspectivas o normas culturales.<\/li><\/ul>\t\t\t\t\t\t\t\t<\/div>\n\t\t\t\t<\/div>\n\t\t\t\t\t<\/div>\n\t\t\t\t<\/div>\n\t\t<div class=\"elementor-element elementor-element-9ffbe90 e-flex e-con-boxed e-con e-parent\" data-id=\"9ffbe90\" data-element_type=\"container\" data-e-type=\"container\">\n\t\t\t\t\t<div class=\"e-con-inner\">\n\t\t\t\t<div class=\"elementor-element elementor-element-70c490a elementor-widget elementor-widget-text-editor\" data-id=\"70c490a\" data-element_type=\"widget\" data-e-type=\"widget\" data-widget_type=\"text-editor.default\">\n\t\t\t\t<div class=\"elementor-widget-container\">\n\t\t\t\t\t\t\t\t\t<p>Es importante se\u00f1alar que las expectativas de los artistas pueden evolucionar con el tiempo y variar considerablemente seg\u00fan su disciplina art\u00edstica, estilo personal y experiencias personales. Adem\u00e1s, cada artista es \u00fanico y sus expectativas pueden se Muy espec\u00edficas en funci\u00f3n de su propia visi\u00f3n y objetivos art\u00edsticos.<\/p>\t\t\t\t\t\t\t\t<\/div>\n\t\t\t\t<\/div>\n\t\t\t\t\t<\/div>\n\t\t\t\t<\/div>\n\t\t\t\t<\/div>\n\t\t","protected":false},"excerpt":{"rendered":"<p>Son muchos aquellos que no han podido expresar su talento individual en un espacio apropiado, especialmente en un lugar propicio para promover la expresi\u00f3n art\u00edstica en sus diversas formas. Los susurros m\u00e1s tempranos o las escrituras ya bien afirmadas que a veces se nos permite descubrir en j\u00f3venes o menos j\u00f3venes a menudo son recibidos&hellip;&nbsp;<a href=\"https:\/\/art-et-imagnaire.com\/index.php\/es\/presentacion\/\" rel=\"bookmark\"><span class=\"screen-reader-text\">Presentaci\u00f3n<\/span><\/a><\/p>\n","protected":false},"author":1,"featured_media":0,"parent":0,"menu_order":0,"comment_status":"closed","ping_status":"closed","template":"page-templates\/template-pagebuilder-full-width.php","meta":{"neve_meta_sidebar":"","neve_meta_container":"","neve_meta_enable_content_width":"","neve_meta_content_width":0,"neve_meta_title_alignment":"","neve_meta_author_avatar":"","neve_post_elements_order":"","neve_meta_disable_header":"","neve_meta_disable_footer":"","neve_meta_disable_title":"","footnotes":""},"class_list":["post-318","page","type-page","status-publish","hentry"],"_links":{"self":[{"href":"https:\/\/art-et-imagnaire.com\/index.php\/wp-json\/wp\/v2\/pages\/318","targetHints":{"allow":["GET"]}}],"collection":[{"href":"https:\/\/art-et-imagnaire.com\/index.php\/wp-json\/wp\/v2\/pages"}],"about":[{"href":"https:\/\/art-et-imagnaire.com\/index.php\/wp-json\/wp\/v2\/types\/page"}],"author":[{"embeddable":true,"href":"https:\/\/art-et-imagnaire.com\/index.php\/wp-json\/wp\/v2\/users\/1"}],"replies":[{"embeddable":true,"href":"https:\/\/art-et-imagnaire.com\/index.php\/wp-json\/wp\/v2\/comments?post=318"}],"version-history":[{"count":31,"href":"https:\/\/art-et-imagnaire.com\/index.php\/wp-json\/wp\/v2\/pages\/318\/revisions"}],"predecessor-version":[{"id":827,"href":"https:\/\/art-et-imagnaire.com\/index.php\/wp-json\/wp\/v2\/pages\/318\/revisions\/827"}],"wp:attachment":[{"href":"https:\/\/art-et-imagnaire.com\/index.php\/wp-json\/wp\/v2\/media?parent=318"}],"curies":[{"name":"wp","href":"https:\/\/api.w.org\/{rel}","templated":true}]}}